 highest common divisor of z and 77.
11
Suppose -t + 10*p - 14*p = 1170, 0 = -p + 1. Let w be (-19)/(-57) - t/6. Calculate the greatest common factor of w and 49.
49
Let d(u) = u**3 - 2*u**2 + 2*u - 10. Let t be d(5). Let r = 91 - t. Suppose -r = 4*o, 9*k - 2*o = 6*k + 35. Calculate the greatest common factor of k and 99.
9
Let a be ((-15)/(-21))/((144/84)/12). What is the highest common factor of 1945 and a?
5
Let k = 534 + -406. Let o = k + -122. What is the greatest common divisor of o and 6?
6
Suppose -3*u = i - 6, u - 4*i - 1 - 1 = 0. Suppose u*z = -z + 15. Suppose 7 = z*a - 4*a. Calculate the highest common divisor of a and 1.
1
Let h be (2/6)/(89/534). Suppose 5*w = 8*w + 3, -h*w - 21 = -t. Calculate the highest common divisor of t and 589.
19
Let z(t) = -143*t + 38. Let c be z(0). Calculate the highest common factor of 3154 and c.
38
Let n(y) = -5*y - 23. Let i(j) = -22*j - 114. Let d(k) = -6*i(k) + 28*n(k). Let l be d(2). Calculate the highest common factor of 444 and l.
12
Suppose 68*p = 235 + 9761. Calculate the highest common divisor of 196 and p.
49
Suppose 0 = 16*j + 23 - 7. Suppose -4*d + 20 = d. Let c be (j + -4)*(-5 + d). Calculate the greatest common divisor of c and 55.
5
Suppose 12 - 8 = 2*x. Let m(s) = -28*s**3 - 3*s**2 + 3*s + 1. Let r be m(x). Let u = r + 343. Calculate the greatest common factor of 38 and u.
38
Let z = 1108 - 1092. Let t be 272/85*15/(-2). Let h = t + 56. What is the greatest common factor of z and h?
16
Let v be ((-12)/(-10))/(19/950). Let d(k) = -k**3 - k**2 + 10*k - 78. Let o be d(-9). What is the greatest common factor of v and o?
60
Let y = 43664 - 43658. Suppose 4*r - 308 = -4*x, r = -4*r + 10. Calculate the highest common factor of x and y.
3
Suppose -4*a + 2*a + 780 = 0. Let b be 147 + -151 + (48 - 5). Calculate the greatest common divisor of a and b.
39
Let z be 2920/(-6) - (-156)/(-117). Let x = 540 + z. What is the highest common factor of x and 1196?
52
Suppose 46*s - 42*s - 724 = -4*n, 0 = -3*n + 3. Calculate the highest common factor of 1905 and s.
15
Let n(w) be the third derivative of w**4/12 - w**3/3 + 11*w**2. Let a be n(4). Suppose -535 - 617 = -a*t. What is the highest common divisor of t and 12?
12
Let j be 2/9 + (-2138)/(-18). Let p(o) = -74*o + 4225. Let g be p(57). What is the highest common factor of g and j?
7
Let d = -26 - -40. Let i = -1549 + 1661. Calculate the highest common factor of d and i.
14
Suppose 39*i = -2*t + 38*i + 32, -5*i - 8 = -2*t. Calculate the highest common divisor of t and 1162.
14
Suppose -85*b + 13*b = -9*b - 1260. What is the greatest common divisor of b and 12020?
20
Let l = -163 + 163. Suppose 3*j + 2*b - 116 = l, -111*j = -109*j - b - 75. Let a = 35 + 22. What is the greatest common divisor of a and j?
19
Suppose -4*z + 3 = -j, 3*z - 8*z - 9 = 3*j. Let d be 6/(-3) + 2 + z - -100. What is the highest common factor of 50 and d?
50
Let a(r) = -23*r**2 + r - 8. Let k be 1 + (-18)/(-63)*1*21. Let q be a(k). Let i be q/(-27) + 3/((-162)/(-12)). What is the highest common divisor of 14 and i?
14
Suppose 0 = 4*f + 2*o - 166, 35*f - 30*f - 197 = o. What is the greatest common factor of f and 65?
5
Let b = -6040 + 6102. What is the greatest common divisor of 7874 and b?
62
Suppose 479 = 1301165*x - 1301125*x - 241. Let m be (-4)/1 + 2 + 5. What is the greatest common factor of m and x?
3
Let u be 0*1/((-45)/9). Suppose u = 14*g - g - 2457. What is the highest common divisor of 54 and g?
27
Suppose -2*s + 81 = -n - 110, -n = 2*s - 189. Let k(z) = 38*z**2 - 484*z - 484. Let c be k(-1). Calculate the greatest common factor of s and c.
19
Suppose 3*d = 5*d - 32. Let s = d - 14. Let y be 2/(6/99*(-18)/(-12)). Calculate the highest common factor of s and y.
2
Let n = 227 + -213. Let z be (-245)/n*54/(-15). Let b = 26 + -17. What is the highest common divisor of z and b?
9
Let n(i) = -2*i**2 - 13*i - 19. Let y be n(-3). Let w = 79 - 23. Suppose y*d - w = -12*d. What is the greatest common divisor of d and 1?
1
Let j(u) = -u**3 + u**2 + 1. Let c be j(1). Let i be ((-105)/(-189))/(-6*(-2)/108). What is the greatest common divisor of i and c?
1
Let c be ((-70)/308)/((-10)/8) + 227764/11. Calculate the highest common divisor of 51 and c.
51
Suppose -5*h = -571 + 2081. Let u = 347 + h. Calculate the highest common divisor of 18 and u.
9
Let r(x) be the second derivative of -x**5/20 + 5*x**4/4 - 11*x**3/3 + 2*x**2 + 48*x. Let g be r(5). Calculate the highest common divisor of g and 32.
16
Suppose -3*j + 6*f - f + 70 = 0, -3*j = -4*f - 68. Suppose j*z - 21*z - 23 = 0. Let c = -18 - z. Calculate the greatest common factor of 40 and c.
5
Let t be ((-6)/(-9))/((6/18)/((-651)/(-14))). What is the highest common divisor of t and 33?
3
Let i(z) = 4*z - 127. Let s be i(32). Let y(d) be the third derivative of d**4 - d**2. Let a be y(s). Calculate the highest common divisor of 96 and a.
24
Let a(w) = -2*w**3 - 4*w**2 + 4*w + 18. Let r be a(-2). Calculate the highest common divisor of 2690 and r.
10
Suppose 10*u + 114 = 13*u. Let f = -146 - -203. Calculate the highest common divisor of f and u.
19
Let h(u) = -3*u - 45. Let x be h(-21). Suppose 5*s + 2*t + x = -2*t, -4 = 2*t. Let o be (-3)/(-6) + (-21)/s. Calculate the highest common divisor of o and 1.
1
Let g be 3 - (-45)/3 - 0. Let z be (42/g)/(2/24). Suppose t + 1820 = 6*t. What is the highest common factor of t and z?
28
Suppose 2*a + 0*a - 4 = -2*p, 0 = -2*a + 3*p + 19. Suppose -a*m + 2*m = -9. Let q be ((-6)/8 + m)*8. What is the highest common factor of q and 126?
18
Let q = 2479 - 2212. What is the highest common divisor of q and 2?
1
Let i be (-3 - (-2 + -1)) + 5/(-5). Let x be (-2 - i)*(-13 - 5). What is the greatest common divisor of x and 90?
18
Suppose 291*b + 5*g + 53440 = 296*b, 5*g = -3*b + 32096. Calculate the greatest common divisor of b and 108.
108
Suppose -11124 = 48*h - 45649 - 16547. Calculate the greatest common divisor of 28 and h.
28
Let q = -14917 - -16438. Calculate the highest common factor of q and 387.
9
Let q(a) = 14*a**2 + 37*a + 155. Let z be q(-4). Suppose -2*f - k = -6*k - z, 4*f - 2*k - 502 = 0. What is the greatest common factor of 64 and f?
64
Suppose 0 = -0*a - 2*a + 4*p - 16, 0 = -2*a - p - 36. Let u(m) = m + 128. Let g be u(a). What is the highest common factor of g and 7?
7
Suppose 3*d - 267 = 2*i - 4626, 3*i - 6540 = 4*d. What is the highest common factor of 39 and i?
39
Suppose 18*c - 30*c + 6505 = -42815. What is the highest common divisor of c and 150?
30
Let z = 161 + -152. Suppose -z = -3*v - 5*d, 20*v - 3*d + 23 = 24*v. What is the highest common divisor of v and 2?
2
Suppose 239*o = 3*k + 235*o - 886, -5*k = 2*o - 1442. Calculate the greatest common factor of k and 50.
10
Let b(g) = -g**3 + 22*g**2 + 4*g - 74. Let h be b(22). Suppose 6*n = 74 - h. What is the greatest common divisor of n and 160?
10
Suppose -4*d + 56 = -28. Let b be ((-36)/d)/(-6) + 183/21. Let r = -34 + 97. Calculate the highest common divisor of b and r.
9
Suppose 0 = -i + 31 + 22. Suppose 95 = -4*q - i. Let f = q + 47. What is the greatest common factor of 100 and f?
10
Let p be 3*(-3 + 10/3). Let l be (-1 + 15)*(-30 - -31). Let t = p + l. Calculate the highest common divisor of 30 and t.
15
Let g = -21 - -52. Suppose 8*l - 77 + 37 = 0. Let w be (4/l - 14/5) + 95. Calculate the highest common factor of w and g.
31
Let c = 181108 + -181084. Let z(n) = n**3 + 3*n**2 - 3*n + 5. Let q be z(-4). Let x be (121 - (0 + q))/1. Calculate the greatest common factor of x and c.
24
Let y(f) = 336*f**2 - 11*f + 10. Let t = 20 + -19. Let g be y(t). What is the greatest common factor of g and 5?
5
Let p(f) = f**3 + 22*f**2 - 21*f + 56. Let r be p(-23). Calculate the highest common factor of r and 270.
10
Let t = -147 + 498. Suppose 5*r - 52 = r - 0. Calculate the highest common divisor of t and r.
13
Let j(h) = -2*h + 5*h + 10*h - 131 - 7. Let q be j(15). Calculate the highest common divisor of q and 6.
3
Let h(d) = d**3 + 5*d**2 - 6*d + 4. Let v be h(-6). Suppose -2*f - 3 - 5 = 0, 3*p - 64 = v*f. Calculate the greatest common divisor of 128 and p.
16
Let d be -5 - 11 - 7/(-1). Let z(b) = -9*b - 18. Let o be z(d). What is the highest common divisor of o and 14?
7
Let d be 2/(0 - (-2)/156). Suppose w - d = 2*i - 3*i, -i - 4*